{"id":382,"date":"2025-12-17T04:22:32","date_gmt":"2025-12-17T04:22:32","guid":{"rendered":"https:\/\/dopamina8.com\/?page_id=382"},"modified":"2025-12-17T16:02:40","modified_gmt":"2025-12-17T16:02:40","slug":"inicio","status":"publish","type":"page","link":"https:\/\/dopamina8.com\/index.php\/inicio\/","title":{"rendered":"Inicio"},"content":{"rendered":"<p>[vc_row][vc_column][vc_column_text]<\/p>\n<div style=\"position: relative; width: 100%; min-height: 100vh; background-color: #0a0a0a; color: #ffffff; font-family: Calibri, sans-serif; margin: 0; padding: 0; overflow: hidden;\">\n<p><!-- Imagen de fondo --><br \/>\n<img decoding=\"async\" style=\"position: absolute; top: 0; left: 0; width: 100%; height: 100%; object-fit: cover; opacity: 0.3; z-index: 0;\" src=\"http:\/\/dopamina8.com\/wp-content\/uploads\/2025\/12\/Epidemiologia-1.jpg\" alt=\"Fondo\" \/><\/p>\n<p><!-- Overlay --><\/p>\n<div style=\"position: absolute; top: 0; left: 0; width: 100%; height: 100%; background: linear-gradient(135deg, rgba(0, 255, 136, 0.1), rgba(0, 212, 255, 0.1)); z-index: 1;\"><\/div>\n<p><!-- Header --><\/p>\n<header style=\"position: absolute; top: 0; left: 0; right: 0; padding: 2rem 3rem; display: flex; justify-content: space-between; align-items: center; z-index: 10; flex-wrap: wrap;\">\n<div style=\"font-family: Calibri, sans-serif; font-size: 1.8rem; font-weight: bold; background: linear-gradient(135deg, #00ff88, #00d4ff); -webkit-background-clip: text; -webkit-text-fill-color: transparent; background-clip: text;\">Epidemiolog\u00eda de Campo<\/div>\n<nav style=\"display: flex; gap: 2rem; list-style: none; margin: 0; padding: 0;\"><a style=\"color: #888888; text-decoration: none; font-size: 0.95rem; font-weight: bold;\" href=\"#nosotros\">Nosotros<\/a><br \/>\n<a style=\"color: #888888; text-decoration: none; font-size: 0.95rem; font-weight: bold;\" href=\"#contacto\">Contacto<\/a><br \/>\n<a style=\"color: #888888; text-decoration: none; font-size: 0.95rem; font-weight: bold;\" href=\"#soporte\">Soporte<\/a><\/nav>\n<\/header>\n<p><!-- Contenedor principal --><\/p>\n<div style=\"position: relative; z-index: 2; min-height: 100vh; display: flex; flex-direction: column; justify-content: center; align-items: center; padding: 2rem;\"><!-- Contenido hero --><\/p>\n<div style=\"text-align: center; max-width: 900px; margin-bottom: 4rem;\">\n<h1 style=\"font-family: Calibri, sans-serif; font-size: clamp(2rem, 5vw, 3.5rem); font-weight: bold; line-height: 1.2; margin: 0 0 1.5rem 0; color: #ffffff;\">Caja de herramientas <span style=\"background: linear-gradient(135deg, #00ff88, #00d4ff); -webkit-background-clip: text; -webkit-text-fill-color: transparent; background-clip: text;\">para dise\u00f1o <\/span> de planes de desarrollo<\/h1>\n<p style=\"font-size: clamp(1rem, 2vw, 1.3rem); color: #cccccc; margin: 0 0 3rem 0; line-height: 1.6;\">de la fuerza laboral para la vigilancia y respuesta en salud p\u00fablica<br \/>\n<!-- Card 1 --><\/p>\n<\/div>\n<p><!-- Cards --><\/p>\n<div style=\"background: rgba(21, 21, 21, 0.9); border: 1px solid rgba(255, 255, 255, 0.1); border-radius: 20px; padding: 3rem 2.5rem; cursor: pointer; transition: all 0.4s ease; text-align: left; backdrop-filter: blur(10px);\">\n<div style=\"display: grid; grid-template-columns: repeat(auto-fit, minmax(300px, 420px)); gap: 2rem; width: 100%; max-width: 900px; justify-content: center;\"><!-- Card 1 --><\/p>\n<div style=\"background: rgba(21, 21, 21, 0.9); border: 1px solid rgba(255, 255, 255, 0.1); border-radius: 20px; padding: 3rem 2.5rem; cursor: pointer; transition: all 0.4s ease; text-align: left; backdrop-filter: blur(10px);\">\n<div style=\"width: 60px; height: 60px; border-radius: 12px; display: flex; align-items: center; justify-content: center; font-size: 2rem; margin-bottom: 1.5rem; background: linear-gradient(135deg, #00ff88, rgba(0, 255, 136, 0.3)); box-shadow: 0 10px 30px rgba(0, 255, 136, 0.3);\">In<\/div>\n<h2 style=\"font-family: Calibri, sans-serif; font-size: 1.8rem; font-weight: bold; margin: 0 0 1rem 0; color: #ffffff;\">Introducci\u00f3n<\/h2>\n<p style=\"color: #cccccc; line-height: 1.7; margin: 0 0 2rem 0; font-size: 1rem;\">La vigilancia en salud p\u00fablica como pilar fundamental para la detecci\u00f3n y respuesta oportuna a eventos que afectan la salud de la poblaci\u00f3n.<\/p>\n<p>un pilar fundamental para la detecci\u00f3n y respuesta oportuna a eventos que afectan la salud de la poblaci\u00f3n. <span style=\"display: inline-flex; align-items: center; gap: 0.5rem; color: #ffffff; text-decoration: none; font-weight: bold; font-size: 0.95rem;\"><br \/>\nConocer m\u00c3\u00a1s<br \/>\n\u00e2\u2020\u2019<br \/>\n<\/span><\/p>\n<\/div>\n<\/div>\n<p><!-- Card 2 --><\/p>\n<div style=\"background: rgba(21, 21, 21, 0.9); border: 1px solid rgba(255, 255, 255, 0.1); border-radius: 20px; padding: 3rem 2.5rem; cursor: pointer; transition: all 0.4s ease; text-align: left; backdrop-filter: blur(10px);\">\n<div style=\"background: rgba(21, 21, 21, 0.9); border: 1px solid rgba(255, 255, 255, 0.1); border-radius: 20px; padding: 3rem 2.5rem; cursor: pointer; transition: all 0.4s ease; text-align: left; backdrop-filter: blur(10px);\">\n<div style=\"width: 60px; height: 60px; border-radius: 12px; display: flex; align-items: center; justify-content: center; font-size: 2rem; margin-bottom: 1.5rem; background: linear-gradient(135deg, #00d4ff, rgba(0, 212, 255, 0.3)); box-shadow: 0 10px 30px rgba(0, 212, 255, 0.3);\">\u00a0H<\/div>\n<h2 style=\"font-family: Calibri, sans-serif; font-size: 1.8rem; font-weight: bold; margin: 0 0 1rem 0; color: #ffffff;\">Etapas<\/h2>\n<p style=\"color: #cccccc; line-height: 1.7; margin: 0 0 2rem 0; font-size: 1rem;\">Para el dise\u00f1o de planes de desarrollo<\/p>\n<p><span style=\"display: inline-flex; align-items: center; gap: 0.5rem; color: #ffffff; text-decoration: none; font-weight: bold; font-size: 0.95rem;\"><br \/>\nAdelante<br \/>\n\u00e2\u2020\u2019<br \/>\n<\/span><\/p>\n<\/div>\n<\/div>\n<\/div>\n<p><!-- Footer --><\/p>\n<footer style=\"position: absolute; bottom: 2rem; left: 0; right: 0; text-align: center; color: #888888; font-size: 0.85rem; z-index: 10;\">\u00a9 2026 RedSur. Todos los derechos reservados.<\/footer>\n<style>\n@media (max-width: 768px) {<br \/>    div[style*=\"grid-template-columns\"] {<br \/>        grid-template-columns: 1fr !important;<br \/>    }<br \/>}<br \/><\/style>\n<\/div>\n<p>[\/vc_column_text][\/vc_column][\/vc_row]<\/p>\n<\/div>\n","protected":false},"excerpt":{"rendered":"<p>[vc_row][vc_column][vc_column_text] Epidemiolog\u00eda de Campo Nosotros Contacto Soporte Caja de herramientas para dise\u00f1o de planes de desarrollo de la fuerza laboral para la vigilancia y respuesta en salud p\u00fablica In Introducci\u00f3n&#8230;<\/p>\n","protected":false},"author":1,"featured_media":0,"parent":0,"menu_order":0,"comment_status":"closed","ping_status":"closed","template":"","meta":{"footnotes":""},"class_list":["post-382","page","type-page","status-publish","hentry"],"_links":{"self":[{"href":"https:\/\/dopamina8.com\/index.php\/wp-json\/wp\/v2\/pages\/382","targetHints":{"allow":["GET"]}}],"collection":[{"href":"https:\/\/dopamina8.com\/index.php\/wp-json\/wp\/v2\/pages"}],"about":[{"href":"https:\/\/dopamina8.com\/index.php\/wp-json\/wp\/v2\/types\/page"}],"author":[{"embeddable":true,"href":"https:\/\/dopamina8.com\/index.php\/wp-json\/wp\/v2\/users\/1"}],"replies":[{"embeddable":true,"href":"https:\/\/dopamina8.com\/index.php\/wp-json\/wp\/v2\/comments?post=382"}],"version-history":[{"count":10,"href":"https:\/\/dopamina8.com\/index.php\/wp-json\/wp\/v2\/pages\/382\/revisions"}],"predecessor-version":[{"id":400,"href":"https:\/\/dopamina8.com\/index.php\/wp-json\/wp\/v2\/pages\/382\/revisions\/400"}],"wp:attachment":[{"href":"https:\/\/dopamina8.com\/index.php\/wp-json\/wp\/v2\/media?parent=382"}],"curies":[{"name":"wp","href":"https:\/\/api.w.org\/{rel}","templated":true}]}}